h = d - 23. List the prime factors of h.
2, 3
Let f(i) = 2*i**2 + 4*i + 7. Let c = 0 + -5. Let g be f(c). Suppose 3*q - g = 8. List the prime factors of q.
3, 5
Suppose o + 3 = 0, -2*l + 4*o + 7 = -81. List the prime factors of l.
2, 19
Let k be -1 - (-1*35 - -2). Suppose -2*n + 54 = -k. List the prime factors of n.
43
Suppose -11*k = -14*k + 39. List the prime factors of k.
13
Let b(l) = l**3 + 4*l**2 - 4*l + 3. Let p be (-1)/(4/(-2*4)). What are the prime factors of b(p)?
19
Suppose 0 = -5*a - 76 + 1061. Suppose -2*p - 5*c = 2*p - a, 12 = -4*c. Suppose -3*s + 4*q = -2 - p, 81 = 5*s - 4*q. What are the prime factors of s?
13
Let c = -13 + 26. List the prime factors of c.
13
Suppose 0 = h - 1. Let m(l) = 3*l**2 + 9*l**3 + l**2 - 5*l**2. List the prime factors of m(h).
2
Let d(p) = 13*p - 7. List the prime factors of d(2).
19
Let n = -1 + 2. Let q be ((-2)/(-4))/(n/6). Suppose 2*a - 40 = -q*a. What are the prime factors of a?
2
Let y be (-2)/(-1)*(-6)/(-4). Suppose 0 = -u + 2*u. Suppose u = -3*f - 0*v + 3*v + 3, y*f - 5*v - 1 = 0. What are the prime factors of f?
2
Suppose 23 - 205 = -7*y. List the prime factors of y.
2, 13
Let m(l) = l**2 - 3*l + 1. Let f be m(2). Let g(n) = 12*n**2. List the prime factors of g(f).
2, 3
Let y(b) = b**3 - b**2 - 2*b - 4. Let f be (-4)/16 + (-26)/(-8). List the prime factors of y(f).
2
Suppose 3*q = 4 + 8. Suppose q*g + 63 = 3*o + g, 3*g - 33 = -o. List the prime factors of o.
2, 3
Let s = -3 - -6. Let b(u) = 2 + u + 7 - s. What are the prime factors of b(-3)?
3
Let w(u) = u**3 - 3*u + 1. Suppose 3*l - 3 = 3. What are the prime factors of w(l)?
3
Let c be (-4)/(-6)*3*1. Let j(z) = 3*z - 18. Let n be j(13). Suppose -c*a + n = a. List the prime factors of a.
7
Suppose -7 + 1 = -3*k, -3*r - 2*k - 17 = 0. Let g = r - -7. Suppose -78 = -4*u - 2*d + 5*d, 5*u - 2*d - 94 = g. What are the prime factors of u?
2, 3
Let m(y) = -y + 1. Let o(a) = 2*a + 8. Let r(c) = 2*m(c) - o(c). Let u(n) = n + 4. Let p be u(-8). List the prime factors of r(p).
2, 5
Let z(s) = -s + 7. Let p be z(5). Let o be (-6)/((3 - p) + -3). Suppose -o*n + 0*n + 24 = -5*j, -3*n + 3 = 2*j. List the prime factors of n.
3
Let h(q) = q**3 - 5*q**2 + 2*q - 4. Let y be h(5). Let k = y + 7. List the prime factors of k.
13
Let n = -36 + 17. Suppose 3*t + 50 = -5*y, 3*t + 2 + 16 = 3*y. Let h = t - n. What are the prime factors of h?
3
Let k be 1*-2*(-1 + 0). Let n = k + -1. List the prime factors of (n - 0)/((-2)/(-8)).
2
Suppose -2*c + 3 = -3. Let h = 13 + c. What are the prime factors of h?
2
Let q(s) = s**3 - 12*s**2 + 2*s. List the prime factors of q(12).
2, 3
Suppose -3*q - j = -79, 3*q = 5*q - j - 56. Suppose 0 = -3*z - 4*d + 27 + 2, 0 = -5*z + 4*d + q. List the prime factors of z.
7
Suppose -6*f + 6 = -5*f. Suppose -5*h - f = -3*h, -5*z + 5*h = -45. What are the prime factors of z?
2, 3
Let f(y) be the second derivative of -7*y**3/3 + y**2/2 - y. List the prime factors of f(-1).
3, 5
List the prime factors of (-286)/32*-6 - (-3)/8.
2, 3
Suppose 20 = -8*n + 6*n. What are the prime factors of 4/n + 24/10?
2
Suppose t + 4*j = 46, 0 = -4*t - j - j + 184. List the prime factors of t.
2, 23
Suppose -2*l + 406 = -3*n, l = n + 6*l + 141. What are the prime factors of n/(-8) + (3 - 2)?
2, 3
Let m = 5 + -1. Suppose -m*t = t - 35. Suppose -t = -o - 3. List the prime factors of o.
2
Let v(p) = 4*p**2 - 8*p**2 - 10 + 15*p + 3*p**2. List the prime factors of v(12).
2, 13
Let k = -17 + 62. Suppose 0*h + k = 3*h. What are the prime factors of h?
3, 5
Let k be -2 + -1 + 0 + -16. Let w = -8 - k. List the prime factors of w.
11
Suppose 4*h - 480 + 96 = 0. List the prime factors of h.
2, 3
Let o = -2 - -2. Suppose o*b = -3*b + 57. What are the prime factors of b?
19
Let d(x) = 4*x**2 - 15*x + 12. What are the prime factors of d(6)?
2, 3, 11
Let a = 163 + -18. Suppose 37 - a = 2*x. What are the prime factors of ((-3)/9)/(3/x)?
2, 3
Let a(x) = 14*x**2 + x - 2. What are the prime factors of a(3)?
127
Let w be (-1)/(-2) - 33/(-2). Let y(x) = 2*x**2 + 3*x + 1. Let o be y(-2). Suppose 2*n - o = w. List the prime factors of n.
2, 5
Suppose 0 = -3*l + 5*v + 756, 2*v + 2*v = l - 245. List the prime factors of l.
257
Suppose 6*y + 3*l - 93 = y, 5*y - 87 = 3*l. Let m = y - 13. What are the prime factors of m?
5
Suppose 2*q - 9 = -4*m + q, -2*m + 3*q + 15 = 0. Suppose -m*t - t = -16. Suppose -16 + t = -4*n. List the prime factors of n.
3
Let n = 7 - 5. Suppose b = n*b - 7. What are the prime factors of b - -1 - 1 - -1?
2
Let j = -5 - -7. Suppose j*b - b = 12. What are the prime factors of (16/b)/(4/6)?
2
Let q(z) = -z**2 - 7*z - 1. Let t be q(-5). Suppose -h + t - 4 = 0. List the prime factors of h.
5
Suppose -2*y + 7 - 1 = 0, 0 = -3*k - 4*y + 45. What are the prime factors of k?
11
Suppose 9 - 81 = -4*d. Let g be -2*5/(-3)*-3. Let m = g + d. What are the prime factors of m?
2
Suppose -m - 2*m = 6. Let a be 16*m/(-16)*6. What are the prime factors of 3/a - 14/(-8)?
2
Let k be ((-16)/(-40))/(1/10). List the prime factors of 0 + 18 + k/(-4).
17
Suppose -15*a = 1996 - 6541. List the prime factors of a.
3, 101
Let k(v) = 4*v + 17. Let s(a) = a + 6. Let r(c) = -3*k(c) + 8*s(c). Let w be r(7). Let j = -21 - w. List the prime factors of j.
2, 5
Let u(m) = -m**2 + 5*m - 2. Suppose 0 = 5*j - j - 20. Let i be u(j). What are the prime factors of 2/(-8)*i*14?
7
Let b(v) be the second derivative of 5*v**4/2 + v**3/6 + v**2/2 + 3*v. What are the prime factors of b(-1)?
2, 3, 5
Let a(h) = -h**2 + 5*h - 4. Let t be a(4). Let l(x) = x**3 + 8*x**2 - 2*x - 12. Let v be l(-8). Suppose -16 = -t*o - v*o. List the prime factors of o.
2
Let l(f) = f**2 + 6*f + 6. Let y be l(-5). Suppose 3*b - 4*v = y, -3*b - v - 1 = 3. What are the prime factors of b + (8 - (-3)/3)?
2
Suppose 2*x - 2 + 0 = 0. List the prime factors of ((-27)/(-12))/(x/4).
3
Suppose 5*w + 15 = -4*p, 2*p + 13 = -0*w + 3*w. List the prime factors of 315/28 - w/4.
11
List the prime factors of 0 - 99/(3 - 6).
3, 11
Let n be 2/8 + 666/24. Suppose 0 = -0*s + 2*s - n. What are the prime factors of s?
2, 7
Let q(j) = 6*j - 10. List the prime factors of q(2).
2
Let u(a) = 10*a**2 + 14*a - 1. List the prime factors of u(4).
5, 43
Suppose 2*w = 4*t - 98, 0 = 2*t + 2*w - 4*w - 44. List the prime factors of t.
3
Let f be (3 + -4)*23*-3. Suppose -2*h = -f + 17. List the prime factors of h.
2, 13
Let r(c) = 4*c**3 + c**2 + c + 1. Let w be r(-1). Let k be 3/w*1*-17. Let v = -10 + k. List the prime factors of v.
7
Let w(d) = -d**3 - 2*d**2 + 6*d - 7. List the prime factors of w(-5).
2, 19
Let k(h) = -4*h - 7. Let z(f) = -f**3 - f**2 + f - 8. Let g be z(0). What are the prime factors of k(g)?
5
Suppose z - 1 = 2*y, -3*z - 3*y + 2 = -10. Suppose -7 = n + z*h, 0*h - 9 = 3*h. Suppose 5 = n*p - 1. List the prime factors of p.
3
List the prime factors of 5/(-10) + (-711)/(-6).
2, 59
Let a(u) = u**3 - 2*u - 1. Let p be a(2). List the prime factors of ((-2)/(-4))/(p/78).
13
Suppose -2*j + 4*y + 16 = 0, 11 - 35 = -5*j + 2*y. Suppose -2*i + 8 = -4*n, 0 + j = i + n. What are the prime factors of i?
2
List the prime factors of 2/(-12) + (-2608)/(-96).
3
Let p(s) = 22*s - 3. Let y be p(3). Suppose -4*r - 4*l + 26 = 2, 2*l + 4 = 2*r. Suppose r*a - y = a. What are the prime factors of a?
3, 7
Let a(n) = -n**3 + 8*n**2 - 8*n + 3. Let g be a(5). Suppose -2*z + g = -4*m, -4*z + 5*z + 2*m - 39 = 0. What are the prime factors of z?
29
Let j = -51 + 19. Suppose 150 + 73 = 5*s - 2*o, -4*s - 3*o + 183 = 0. Let z = s + j. What are the prime factors of z?
13
Let w be (16 + -4)*(-1 + 0). Let b = w + 24. List the prime factors of b.
2, 3
Let p be (-1)/1*-19*-5. Let j = p + 135. List the prime factors of j.
2, 5
Let a be 5*3/(2 - 5). Let i = a - -9. Suppose 4*z + 2*f + 2*f = 36, -i*z = -4*f - 36. What are the prime factors of z?
3
Let t be 0 + 3 + -2 + 1. Suppose -2*h = 2*b + t*h, 0 = h + 3. What are the prime factors of (2/(b/33))/1?
11
Let u(w) = -2*w - 23*w**3 + 0*w + 2*w**2 + 3*w. List the prime factors of u(-1).
2, 3
Let b(d) = -d**2 - 4*d + 7. Let t be b(-5). List the prime factors of (-352)/(-55) - t/5.
2, 3
Let x = 0 + 6. List the prime factors of x/(-9)*33/(-2).
11
Suppose s = -3*s + 140. What are the prime factors of s?
5, 7
Let b(y) = 17*y**2 - 3*y + 5. Let a(h) = -9*h**2